{"id":586,"date":"2023-02-06T11:50:27","date_gmt":"2023-02-06T10:50:27","guid":{"rendered":"http:\/\/test1.yoata.com\/?page_id=586"},"modified":"2023-02-11T19:27:41","modified_gmt":"2023-02-11T18:27:41","slug":"evangelos-damaskos","status":"publish","type":"page","link":"https:\/\/test1.yoata.com\/index.php\/evangelos-damaskos\/","title":{"rendered":"saut \u00e0 la perche Ev\u00e1ngelos Dam\u00e1skos"},"content":{"rendered":"\n<p><strong>Ev\u00e1ngelos Dam\u00e1skos<\/strong> (en <a href=\"https:\/\/fr.wikipedia.org\/wiki\/Grec_moderne\">grec moderne<\/a>&nbsp;: \u0395\u03c5\u03ac\u03b3\u03b3\u03b5\u03bb\u03bf\u03c2 \u0394\u03b1\u03bc\u03ac\u03c3\u03ba\u03bf\u03c2) est un ancien athl\u00e8te <a href=\"https:\/\/fr.wikipedia.org\/wiki\/Gr%C3%A8ce\">grec<\/a>, m\u00e9daill\u00e9 olympique de bronze lors des <a href=\"https:\/\/fr.wikipedia.org\/wiki\/Jeux_olympiques_d%27%C3%A9t%C3%A9_de_1896\">Jeux olympiques d&rsquo;\u00e9t\u00e9 de 1896<\/a> \u00e0 <a href=\"https:\/\/fr.wikipedia.org\/wiki\/Ath%C3%A8nes\">Ath\u00e8nes<\/a>.<\/p>\n\n\n\n<p>Ev\u00e1ngelos Dam\u00e1skos dispute l&rsquo;\u00e9preuve du saut \u00e0 la perche, terminant troisi\u00e8me avec une meilleure saut de 2,60 m\u00e8tres et il sera cr\u00e9dit\u00e9 de la m\u00e9daille de bronze selon le classement post\u00e9rieur \u00e9tabli par le <a href=\"https:\/\/fr.wikipedia.org\/wiki\/Comit%C3%A9_international_olympique\">Comit\u00e9 international olympique<\/a>. En effet, en 1896, les troisi\u00e8mes ne re\u00e7oivent aucune distinction. Il termine \u00e0 \u00e9galit\u00e9 avec son compatriote <a href=\"https:\/\/fr.wikipedia.org\/wiki\/Io%C3%A1nnis_Theodor%C3%B3poulos\">Io\u00e1nnis Theodor\u00f3poulos<\/a>.<\/p>\n\n\n\n<h2>Palmar\u00e8s<\/h2>\n\n\n\n<h3><a href=\"https:\/\/fr.wikipedia.org\/wiki\/Jeux_olympiques_d%27%C3%A9t%C3%A9\">Jeux olympiques d&rsquo;\u00e9t\u00e9<\/a><\/h3>\n\n\n\n<ul>\n<li><a href=\"https:\/\/fr.wikipedia.org\/wiki\/Athl%C3%A9tisme_aux_Jeux_olympiques_d%27%C3%A9t%C3%A9_de_1896\">Jeux olympiques d&rsquo;\u00e9t\u00e9 de 1896<\/a> \u00e0 <a href=\"https:\/\/fr.wikipedia.org\/wiki\/Ath%C3%A8nes\">Ath\u00e8nes<\/a>\n<ul>\n<li><img decoding=\"async\" loading=\"lazy\" alt=\"M\u00e9daille de bronze\" src=\"https:\/\/upload.wikimedia.org\/wikipedia\/commons\/thumb\/8\/89\/Bronze_medal_icon.svg\/16px-Bronze_medal_icon.svg.png\" srcset=\"\/\/upload.wikimedia.org\/wikipedia\/commons\/thumb\/8\/89\/Bronze_medal_icon.svg\/24px-Bronze_medal_icon.svg.png 1.5x, \/\/upload.wikimedia.org\/wikipedia\/commons\/thumb\/8\/89\/Bronze_medal_icon.svg\/32px-Bronze_medal_icon.svg.png 2x\" width=\"16\" height=\"16\"> M\u00e9daille de bronze sur le triple saut.<\/li>\n<\/ul>\n<\/li>\n<\/ul>\n","protected":false},"excerpt":{"rendered":"<p>Ev\u00e1ngelos Dam\u00e1skos (en grec moderne&nbsp;: \u0395\u03c5\u03ac\u03b3\u03b3\u03b5\u03bb\u03bf\u03c2 \u0394\u03b1\u03bc\u03ac\u03c3\u03ba\u03bf\u03c2) est un ancien athl\u00e8te grec, m\u00e9daill\u00e9 olympique de bronze lors des Jeux olympiques d&rsquo;\u00e9t\u00e9 de 1896 \u00e0 Ath\u00e8nes. Ev\u00e1ngelos Dam\u00e1skos dispute l&rsquo;\u00e9preuve du saut \u00e0 la perche, terminant troisi\u00e8me avec une meilleure saut de 2,60 m\u00e8tres et il sera cr\u00e9dit\u00e9 de la m\u00e9daille de bronze selon le classement &hellip; <a href=\"https:\/\/test1.yoata.com\/index.php\/evangelos-damaskos\/\" class=\"more-link\">Continuer la lecture de <span class=\"screen-reader-text\">saut \u00e0 la perche Ev\u00e1ngelos Dam\u00e1skos<\/span><\/a><\/p>\n","protected":false},"author":1,"featured_media":0,"parent":0,"menu_order":0,"comment_status":"closed","ping_status":"closed","template":"","meta":[],"_links":{"self":[{"href":"https:\/\/test1.yoata.com\/index.php\/wp-json\/wp\/v2\/pages\/586"}],"collection":[{"href":"https:\/\/test1.yoata.com\/index.php\/wp-json\/wp\/v2\/pages"}],"about":[{"href":"https:\/\/test1.yoata.com\/index.php\/wp-json\/wp\/v2\/types\/page"}],"author":[{"embeddable":true,"href":"https:\/\/test1.yoata.com\/index.php\/wp-json\/wp\/v2\/users\/1"}],"replies":[{"embeddable":true,"href":"https:\/\/test1.yoata.com\/index.php\/wp-json\/wp\/v2\/comments?post=586"}],"version-history":[{"count":4,"href":"https:\/\/test1.yoata.com\/index.php\/wp-json\/wp\/v2\/pages\/586\/revisions"}],"predecessor-version":[{"id":634,"href":"https:\/\/test1.yoata.com\/index.php\/wp-json\/wp\/v2\/pages\/586\/revisions\/634"}],"wp:attachment":[{"href":"https:\/\/test1.yoata.com\/index.php\/wp-json\/wp\/v2\/media?parent=586"}],"curies":[{"name":"wp","href":"https:\/\/api.w.org\/{rel}","templated":true}]}}