{"id":560,"date":"2023-02-06T11:46:05","date_gmt":"2023-02-06T10:46:05","guid":{"rendered":"http:\/\/test1.yoata.com\/?page_id=560"},"modified":"2023-02-11T19:26:52","modified_gmt":"2023-02-11T18:26:52","slug":"alexandros-papamihail","status":"publish","type":"page","link":"https:\/\/test1.yoata.com\/index.php\/alexandros-papamihail\/","title":{"rendered":"Marcheur Al\u00e9xandros Papamiha\u00edl"},"content":{"rendered":"\n<p><strong>Al\u00e9xandros Papamiha\u00edl<\/strong> (en <a href=\"https:\/\/fr.wikipedia.org\/wiki\/Grec_moderne\">grec moderne<\/a>&nbsp;: \u0391\u03bb\u03ad\u03be\u03b1\u03bd\u03b4\u03c1\u03bf\u03c2 \u03a0\u03b1\u03c0\u03b1\u03bc\u03b9\u03c7\u03b1\u03ae\u03bb, n\u00e9 le 18 septembre 1988 \u00e0 <a href=\"https:\/\/fr.wikipedia.org\/wiki\/Karditsa\">Karditsa<\/a>) est un athl\u00e8te grec, sp\u00e9cialiste de la <a href=\"https:\/\/fr.wikipedia.org\/wiki\/Marche_athl%C3%A9tique\">marche<\/a>.<\/p>\n\n\n\n<p>Il participe aux <a href=\"https:\/\/fr.wikipedia.org\/wiki\/Jeux_olympiques_d%27%C3%A9t%C3%A9_de_2012\">Jeux olympiques de Londres<\/a> sur le <a href=\"https:\/\/fr.wikipedia.org\/wiki\/The_Mall\">Mall<\/a>. Il termine 15<sup>e<\/sup> du <a href=\"https:\/\/fr.wikipedia.org\/wiki\/Athl%C3%A9tisme_aux_Jeux_olympiques_de_2012_-_20_km_marche_hommes\">20 km marche<\/a> et 24<sup>e<\/sup> du <a href=\"https:\/\/fr.wikipedia.org\/wiki\/Athl%C3%A9tisme_aux_Jeux_olympiques_de_2012_-_50_km_marche_hommes\">50 km marche<\/a><sup><a href=\"https:\/\/fr.wikipedia.org\/wiki\/Al%C3%A9xandros_Papamiha%C3%ADl#cite_note-1\">1<\/a><\/sup>. Il bat lors de ses \u00e9preuves les records nationaux des 20 et 50 km marche.<\/p>\n\n\n\n<h2>Performances<\/h2>\n\n\n\n<figure class=\"wp-block-image size-full\"><img decoding=\"async\" loading=\"lazy\" width=\"280\" height=\"187\" src=\"http:\/\/test1.yoata.com\/wp-content\/uploads\/2023\/02\/280px-Alexandros_Papamihail_1.jpg\" alt=\"\" class=\"wp-image-569\"\/><\/figure>\n\n\n\n<figure class=\"wp-block-table\"><table><thead><tr><th>Ann\u00e9e<\/th><th>Comp\u00e9tition<\/th><th>Lieu<\/th><th>Course<\/th><th>R\u00e9sultat<\/th><th>Temps<\/th><\/tr><\/thead><tbody><tr><td>2004<\/td><td><a href=\"https:\/\/fr.wikipedia.org\/wiki\/Coupe_du_monde_de_marche_2004\">Coupe du monde de marche<\/a><\/td><td><a href=\"https:\/\/commons.wikimedia.org\/wiki\/File:Flag_of_Germany.svg?uselang=fr\"><\/a> <a href=\"https:\/\/fr.wikipedia.org\/wiki\/Naumburg_(Saale)\">Naumburg<\/a><\/td><td>10 km marche <small>(juniors)<\/small><\/td><td>39<sup>e<\/sup><\/td><td>46:53<\/td><\/tr><tr><td>2005<\/td><td><a href=\"https:\/\/fr.wikipedia.org\/w\/index.php?title=Coupe_d%27Europe_de_marche_2005&amp;action=edit&amp;redlink=1\">Coupe d&rsquo;Europe de marche<\/a><\/td><td><a href=\"https:\/\/commons.wikimedia.org\/wiki\/File:Flag_of_Hungary.svg?uselang=fr\"><\/a> <a href=\"https:\/\/fr.wikipedia.org\/wiki\/Miskolc\">Miskolc<\/a><\/td><td>10 km marche <small>(juniors)<\/small><\/td><td>21<sup>e<\/sup><\/td><td>45:29<\/td><\/tr><tr><td>2006<\/td><td><a href=\"https:\/\/fr.wikipedia.org\/wiki\/Coupe_du_monde_de_marche_2006\">Coupe du monde de marche<\/a><\/td><td><a href=\"https:\/\/commons.wikimedia.org\/wiki\/File:Flag_of_Spain.svg?uselang=fr\"><\/a> <a href=\"https:\/\/fr.wikipedia.org\/wiki\/La_Corogne\">La Corogne<\/a><\/td><td>10 km marche <small>(juniors)<\/small><\/td><td>10<sup>e<\/sup><\/td><td>43:31<\/td><\/tr><tr><td><a href=\"https:\/\/fr.wikipedia.org\/wiki\/Championnats_du_monde_juniors_d%27athl%C3%A9tisme_2006\">Championnats du monde juniors<\/a><\/td><td><a href=\"https:\/\/commons.wikimedia.org\/wiki\/File:Flag_of_the_People%27s_Republic_of_China.svg?uselang=fr\"><\/a> <a href=\"https:\/\/fr.wikipedia.org\/wiki\/P%C3%A9kin\">P\u00e9kin<\/a><\/td><td>10 km marche<\/td><td>9<sup>e<\/sup><\/td><td>44:36,15<\/td><\/tr><tr><td>2007<\/td><td><a href=\"https:\/\/fr.wikipedia.org\/w\/index.php?title=Coupe_d%27Europe_de_marche_2007&amp;action=edit&amp;redlink=1\">Coupe d&rsquo;Europe de marche<\/a><\/td><td><a href=\"https:\/\/commons.wikimedia.org\/wiki\/File:Flag_of_the_United_Kingdom_(3-5).svg?uselang=fr\"><\/a> <a href=\"https:\/\/fr.wikipedia.org\/wiki\/Royal_Leamington_Spa\">Royal Leamington Spa<\/a><\/td><td>10 km marche <small>(juniors)<\/small><\/td><td>13<sup>e<\/sup><\/td><td>43:21<\/td><\/tr><tr><td><a href=\"https:\/\/fr.wikipedia.org\/wiki\/Championnats_d%27Europe_juniors_d%27athl%C3%A9tisme_2007\">Championnats d&rsquo;Europe juniors<\/a><\/td><td><a href=\"https:\/\/commons.wikimedia.org\/wiki\/File:Flag_of_the_Netherlands.svg?uselang=fr\"><\/a> <a href=\"https:\/\/fr.wikipedia.org\/wiki\/Hengelo_(Overijssel)\">Hengelo<\/a><\/td><td>10 km marche<\/td><td>5<sup>e<\/sup><\/td><td>42:04,57<\/td><\/tr><tr><td>2009<\/td><td><a href=\"https:\/\/fr.wikipedia.org\/w\/index.php?title=Coupe_d%27Europe_de_marche_2009&amp;action=edit&amp;redlink=1\">Coupe d&rsquo;Europe de marche<\/a><\/td><td><a href=\"https:\/\/commons.wikimedia.org\/wiki\/File:Flag_of_France.svg?uselang=fr\"><\/a> <a href=\"https:\/\/fr.wikipedia.org\/wiki\/Metz\">Metz<\/a><\/td><td>20 km marche<\/td><td>22<sup>e<\/sup><\/td><td>1:33:31<\/td><\/tr><tr><td><a href=\"https:\/\/fr.wikipedia.org\/wiki\/Athl%C3%A9tisme_aux_Jeux_m%C3%A9diterran%C3%A9ens_de_2009\">Jeux m\u00e9diterran\u00e9ens<\/a><\/td><td><a href=\"https:\/\/commons.wikimedia.org\/wiki\/File:Flag_of_Italy.svg?uselang=fr\"><\/a> <a href=\"https:\/\/fr.wikipedia.org\/wiki\/Pescara\">Pescara<\/a><\/td><td>20 km marche<\/td><td>6<sup>e<\/sup><\/td><td>1:28:04<\/td><\/tr><tr><td><a href=\"https:\/\/fr.wikipedia.org\/wiki\/Championnats_d%27Europe_espoirs_d%27athl%C3%A9tisme_2009\">Championnats d&rsquo;Europe espoirs<\/a><\/td><td><a href=\"https:\/\/commons.wikimedia.org\/wiki\/File:Flag_of_Lithuania.svg?uselang=fr\"><\/a> <a href=\"https:\/\/fr.wikipedia.org\/wiki\/Kaunas\">Kaunas<\/a><\/td><td>20 km marche<\/td><td>6<sup>e<\/sup><\/td><td>1:25:06<\/td><\/tr><tr><td>2012<\/td><td><a href=\"https:\/\/fr.wikipedia.org\/wiki\/Jeux_olympiques_d%27%C3%A9t%C3%A9_de_2012\">Jeux olympiques d&rsquo;\u00e9t\u00e9<\/a><\/td><td><a href=\"https:\/\/commons.wikimedia.org\/wiki\/File:Flag_of_the_United_Kingdom_(3-5).svg?uselang=fr\"><\/a> <a href=\"https:\/\/fr.wikipedia.org\/wiki\/Londres\">Londres<\/a><\/td><td>20 km marche<\/td><td>15<sup>e<\/sup><\/td><td><a href=\"https:\/\/fr.wikipedia.org\/wiki\/Athl%C3%A9tisme_aux_Jeux_olympiques_de_2012_-_20_km_marche_hommes\">1:21:12<\/a><\/td><\/tr><tr><td>50 km marche<\/td><td>24<sup>e<\/sup><\/td><td><a href=\"https:\/\/fr.wikipedia.org\/wiki\/Athl%C3%A9tisme_aux_Jeux_olympiques_de_2012_-_50_km_marche_hommes\">3:49,56<\/a><\/td><\/tr><tr><td>2013<\/td><td><a href=\"https:\/\/fr.wikipedia.org\/w\/index.php?title=Coupe_d%27Europe_de_marche_2013&amp;action=edit&amp;redlink=1\">Coupe d&rsquo;Europe de marche<\/a><\/td><td><a href=\"https:\/\/commons.wikimedia.org\/wiki\/File:Flag_of_Slovakia.svg?uselang=fr\"><\/a> <a href=\"https:\/\/fr.wikipedia.org\/wiki\/Dudince\">Dudince<\/a><\/td><td>50 km marche<\/td><td>10<sup>e<\/sup><\/td><td>3:51:05<\/td><\/tr><tr><td><a href=\"https:\/\/fr.wikipedia.org\/wiki\/Championnats_du_monde_d%27athl%C3%A9tisme_2013\">Championnats du monde<\/a><\/td><td><a href=\"https:\/\/commons.wikimedia.org\/wiki\/File:Flag_of_Russia.svg?uselang=fr\"><\/a> <a href=\"https:\/\/fr.wikipedia.org\/wiki\/Moscou\">Moscou<\/a><\/td><td>20 km marche<\/td><td>16<sup>e<\/sup><\/td><td>1:23:48<\/td><\/tr><tr><td>2014<\/td><td><a href=\"https:\/\/fr.wikipedia.org\/wiki\/Championnats_d%27Europe_d%27athl%C3%A9tisme_2014\">Championnats d&rsquo;Europe<\/a><\/td><td><a href=\"https:\/\/commons.wikimedia.org\/wiki\/File:Flag_of_Switzerland.svg?uselang=fr\"><\/a> <a href=\"https:\/\/fr.wikipedia.org\/wiki\/Zurich\">Zurich<\/a><\/td><td>50 km marche<\/td><td>13<sup>e<\/sup><\/td><td>3:49:58<\/td><\/tr><tr><td>2015<\/td><td><a href=\"https:\/\/fr.wikipedia.org\/wiki\/Coupe_d%27Europe_de_marche_2015\">Coupe d&rsquo;Europe de marche<\/a><\/td><td><a href=\"https:\/\/commons.wikimedia.org\/wiki\/File:Flag_of_Spain.svg?uselang=fr\"><\/a> <a href=\"https:\/\/fr.wikipedia.org\/wiki\/Murcie\">Murcie<\/a><\/td><td>50 km marche<\/td><td>7<sup>e<\/sup><\/td><td>3:51:38<\/td><\/tr><tr><td><a href=\"https:\/\/fr.wikipedia.org\/wiki\/Championnats_du_monde_d%27athl%C3%A9tisme_2015\">Championnats du monde<\/a><\/td><td><a href=\"https:\/\/commons.wikimedia.org\/wiki\/File:Flag_of_the_People%27s_Republic_of_China.svg?uselang=fr\"><\/a> <a href=\"https:\/\/fr.wikipedia.org\/wiki\/P%C3%A9kin\">P\u00e9kin<\/a><\/td><td>20 km marche<\/td><td>25<sup>e<\/sup><\/td><td><a href=\"https:\/\/fr.wikipedia.org\/wiki\/20_kilom%C3%A8tres_marche_masculin_aux_championnats_du_monde_d%27athl%C3%A9tisme_2015\">1:24:11<\/a><\/td><\/tr><tr><td>2016<\/td><td><a href=\"https:\/\/fr.wikipedia.org\/wiki\/Jeux_olympiques_d%27%C3%A9t%C3%A9_de_2016\">Jeux olympiques d&rsquo;\u00e9t\u00e9<\/a><\/td><td><a href=\"https:\/\/commons.wikimedia.org\/wiki\/File:Flag_of_Brazil.svg?uselang=fr\"><\/a> <a href=\"https:\/\/fr.wikipedia.org\/wiki\/Rio_de_Janeiro\">Rio de Janeiro<\/a><\/td><td>20 km marche<\/td><td>20<sup>e<\/sup><\/td><td><a href=\"https:\/\/fr.wikipedia.org\/wiki\/20_kilom%C3%A8tres_marche_masculin_aux_Jeux_olympiques_d%27%C3%A9t%C3%A9_de_2016\">1:21:55<\/a><\/td><\/tr><tr><td>50 km marche<\/td><td>27<sup>e<\/sup><\/td><td><a href=\"https:\/\/fr.wikipedia.org\/wiki\/50_kilom%C3%A8tres_marche_aux_Jeux_olympiques_d%27%C3%A9t%C3%A9_de_2016\">3:59:21<\/a><\/td><\/tr><tr><td>2018<\/td><td><a href=\"https:\/\/fr.wikipedia.org\/wiki\/Championnats_d%27Europe_d%27athl%C3%A9tisme_2018\">Championnats d&rsquo;Europe<\/a><\/td><td><a href=\"https:\/\/commons.wikimedia.org\/wiki\/File:Flag_of_Germany.svg?uselang=fr\"><\/a> <a href=\"https:\/\/fr.wikipedia.org\/wiki\/Berlin\">Berlin<\/a><\/td><td>20 km marche<\/td><td>15<sup>e<\/sup><\/td><td>1:22:51<\/td><\/tr><tr><td>2019<\/td><td><a href=\"https:\/\/fr.wikipedia.org\/wiki\/Championnats_du_monde_d%27athl%C3%A9tisme_2019\">Championnats du monde<\/a><\/td><td><a href=\"https:\/\/commons.wikimedia.org\/wiki\/File:Flag_of_Qatar.svg?uselang=fr\"><\/a> <a href=\"https:\/\/fr.wikipedia.org\/wiki\/Doha\">Doha<\/a><\/td><td>50 km marche<\/td><td>17<sup>e<\/sup><\/td><td><a href=\"https:\/\/fr.wikipedia.org\/wiki\/50_kilom%C3%A8tres_marche_masculin_aux_championnats_du_monde_d%27athl%C3%A9tisme_2019\">4:22:39<\/a><\/td><\/tr><\/tbody><\/table><\/figure>\n\n\n\n<h2>Records<\/h2>\n\n\n\n<ul>\n<li><a href=\"https:\/\/fr.wikipedia.org\/wiki\/20_km_marche\">20 km marche<\/a> \u2013 1:21:12 (2012) record de Gr\u00e8ce<\/li>\n\n\n\n<li><a href=\"https:\/\/fr.wikipedia.org\/w\/index.php?title=30_km_marche&amp;action=edit&amp;redlink=1\">30 km marche<\/a> \u2013 2:18:02,50 (2012) record de Gr\u00e8ce<\/li>\n\n\n\n<li><a href=\"https:\/\/fr.wikipedia.org\/wiki\/50_km_marche\">50 km marche<\/a> \u2013 3:49:56 (2012) record de Gr\u00e8ce<\/li>\n<\/ul>\n","protected":false},"excerpt":{"rendered":"<p>Al\u00e9xandros Papamiha\u00edl (en grec moderne&nbsp;: \u0391\u03bb\u03ad\u03be\u03b1\u03bd\u03b4\u03c1\u03bf\u03c2 \u03a0\u03b1\u03c0\u03b1\u03bc\u03b9\u03c7\u03b1\u03ae\u03bb, n\u00e9 le 18 septembre 1988 \u00e0 Karditsa) est un athl\u00e8te grec, sp\u00e9cialiste de la marche. Il participe aux Jeux olympiques de Londres sur le Mall. Il termine 15e du 20 km marche et 24e du 50 km marche1. Il bat lors de ses \u00e9preuves les records nationaux des &hellip; <a href=\"https:\/\/test1.yoata.com\/index.php\/alexandros-papamihail\/\" class=\"more-link\">Continuer la lecture de <span class=\"screen-reader-text\">Marcheur Al\u00e9xandros Papamiha\u00edl<\/span><\/a><\/p>\n","protected":false},"author":1,"featured_media":0,"parent":0,"menu_order":0,"comment_status":"closed","ping_status":"closed","template":"","meta":[],"_links":{"self":[{"href":"https:\/\/test1.yoata.com\/index.php\/wp-json\/wp\/v2\/pages\/560"}],"collection":[{"href":"https:\/\/test1.yoata.com\/index.php\/wp-json\/wp\/v2\/pages"}],"about":[{"href":"https:\/\/test1.yoata.com\/index.php\/wp-json\/wp\/v2\/types\/page"}],"author":[{"embeddable":true,"href":"https:\/\/test1.yoata.com\/index.php\/wp-json\/wp\/v2\/users\/1"}],"replies":[{"embeddable":true,"href":"https:\/\/test1.yoata.com\/index.php\/wp-json\/wp\/v2\/comments?post=560"}],"version-history":[{"count":4,"href":"https:\/\/test1.yoata.com\/index.php\/wp-json\/wp\/v2\/pages\/560\/revisions"}],"predecessor-version":[{"id":633,"href":"https:\/\/test1.yoata.com\/index.php\/wp-json\/wp\/v2\/pages\/560\/revisions\/633"}],"wp:attachment":[{"href":"https:\/\/test1.yoata.com\/index.php\/wp-json\/wp\/v2\/media?parent=560"}],"curies":[{"name":"wp","href":"https:\/\/api.w.org\/{rel}","templated":true}]}}